{"id":45,"date":"2023-11-01T23:15:58","date_gmt":"2023-11-01T22:15:58","guid":{"rendered":"https:\/\/afriperles.com\/?post_type=product&#038;p=45"},"modified":"2023-11-03T08:36:12","modified_gmt":"2023-11-03T07:36:12","slug":"collier-princesse-akan","status":"publish","type":"product","link":"https:\/\/afriperles.com\/index.php\/product\/collier-princesse-akan\/","title":{"rendered":"Collier &#8221; Princesse AKAN&#8221;"},"content":{"rendered":"\n<p>Peut \u00eatre port\u00e9 pour boulot et aussi lors d&#8217;une c\u00e9r\u00e9monie traditionnelle. Confectionn\u00e9 avec des perles lourdes ode couleur orang\u00e9e dominante parr\u00e9 de poids AKAN.<\/p>\n","protected":false},"excerpt":{"rendered":"<p>Peut \u00eatre port\u00e9 pour boulot et aussi lors d&#8217;une c\u00e9r\u00e9monie traditionnelle. Confectionn\u00e9 avec des perles lourdes ode couleur orang\u00e9e dominante parr\u00e9 de poids AKAN.<\/p>\n","protected":false},"featured_media":46,"comment_status":"open","ping_status":"closed","template":"","meta":{"om_disable_all_campaigns":false,"_monsterinsights_skip_tracking":false,"_monsterinsights_sitenote_active":false,"_monsterinsights_sitenote_note":"","_monsterinsights_sitenote_category":0,"_uf_show_specific_survey":0,"_uf_disable_surveys":false},"product_cat":[20,25],"product_tag":[],"aioseo_notices":[],"jetpack_sharing_enabled":true,"_links":{"self":[{"href":"https:\/\/afriperles.com\/index.php\/wp-json\/wp\/v2\/product\/45"}],"collection":[{"href":"https:\/\/afriperles.com\/index.php\/wp-json\/wp\/v2\/product"}],"about":[{"href":"https:\/\/afriperles.com\/index.php\/wp-json\/wp\/v2\/types\/product"}],"replies":[{"embeddable":true,"href":"https:\/\/afriperles.com\/index.php\/wp-json\/wp\/v2\/comments?post=45"}],"wp:featuredmedia":[{"embeddable":true,"href":"https:\/\/afriperles.com\/index.php\/wp-json\/wp\/v2\/media\/46"}],"wp:attachment":[{"href":"https:\/\/afriperles.com\/index.php\/wp-json\/wp\/v2\/media?parent=45"}],"wp:term":[{"taxonomy":"product_cat","embeddable":true,"href":"https:\/\/afriperles.com\/index.php\/wp-json\/wp\/v2\/product_cat?post=45"},{"taxonomy":"product_tag","embeddable":true,"href":"https:\/\/afriperles.com\/index.php\/wp-json\/wp\/v2\/product_tag?post=45"}],"curies":[{"name":"wp","href":"https:\/\/api.w.org\/{rel}","templated":true}]}}