{"id":51,"date":"2023-11-01T23:23:41","date_gmt":"2023-11-01T22:23:41","guid":{"rendered":"https:\/\/afriperles.com\/?post_type=product&#038;p=51"},"modified":"2023-11-03T08:35:46","modified_gmt":"2023-11-03T07:35:46","slug":"collier-femme-parfaite","status":"publish","type":"product","link":"https:\/\/afriperles.com\/index.php\/product\/collier-femme-parfaite\/","title":{"rendered":"Collier &#8220;Femme parfaite&#8221;"},"content":{"rendered":"\n<p>Ras de cou Id\u00e9al \u00e0 porter sur les robes bustiers, avec des v\u00eatements l\u00e9g\u00e8rement d\u00e9colt\u00e9s,laissant entrevoir le cou. Passe avec tout types de teint.<\/p>\n","protected":false},"excerpt":{"rendered":"<p>Ras de cou Id\u00e9al \u00e0 porter sur les robes bustiers, avec des v\u00eatements l\u00e9g\u00e8rement d\u00e9colt\u00e9s,laissant entrevoir le cou. Passe avec tout types de teint.<\/p>\n","protected":false},"featured_media":52,"comment_status":"open","ping_status":"closed","template":"","meta":{"om_disable_all_campaigns":false,"_monsterinsights_skip_tracking":false,"_monsterinsights_sitenote_active":false,"_monsterinsights_sitenote_note":"","_monsterinsights_sitenote_category":0,"_uf_show_specific_survey":0,"_uf_disable_surveys":false},"product_cat":[20,25],"product_tag":[],"aioseo_notices":[],"jetpack_sharing_enabled":true,"_links":{"self":[{"href":"https:\/\/afriperles.com\/index.php\/wp-json\/wp\/v2\/product\/51"}],"collection":[{"href":"https:\/\/afriperles.com\/index.php\/wp-json\/wp\/v2\/product"}],"about":[{"href":"https:\/\/afriperles.com\/index.php\/wp-json\/wp\/v2\/types\/product"}],"replies":[{"embeddable":true,"href":"https:\/\/afriperles.com\/index.php\/wp-json\/wp\/v2\/comments?post=51"}],"wp:featuredmedia":[{"embeddable":true,"href":"https:\/\/afriperles.com\/index.php\/wp-json\/wp\/v2\/media\/52"}],"wp:attachment":[{"href":"https:\/\/afriperles.com\/index.php\/wp-json\/wp\/v2\/media?parent=51"}],"wp:term":[{"taxonomy":"product_cat","embeddable":true,"href":"https:\/\/afriperles.com\/index.php\/wp-json\/wp\/v2\/product_cat?post=51"},{"taxonomy":"product_tag","embeddable":true,"href":"https:\/\/afriperles.com\/index.php\/wp-json\/wp\/v2\/product_tag?post=51"}],"curies":[{"name":"wp","href":"https:\/\/api.w.org\/{rel}","templated":true}]}}