{"id":53,"date":"2023-11-01T23:25:35","date_gmt":"2023-11-01T22:25:35","guid":{"rendered":"https:\/\/afriperles.com\/?post_type=product&#038;p=53"},"modified":"2023-11-27T18:48:53","modified_gmt":"2023-11-27T17:48:53","slug":"collier-madame-la-presidente","status":"publish","type":"product","link":"https:\/\/afriperles.com\/index.php\/product\/collier-madame-la-presidente\/","title":{"rendered":"Collier &#8220;Madame la pr\u00e9sidente&#8221;"},"content":{"rendered":"\n<p>Collier ras de cou simple, confectionn\u00e9 avec des perles blanches l\u00e9g\u00e8res.<\/p>\n","protected":false},"excerpt":{"rendered":"<p>Collier ras de cou simple, confectionn\u00e9 avec des perles blanches l\u00e9g\u00e8res.<\/p>\n","protected":false},"featured_media":54,"comment_status":"open","ping_status":"closed","template":"","meta":{"om_disable_all_campaigns":false,"_monsterinsights_skip_tracking":false,"_monsterinsights_sitenote_active":false,"_monsterinsights_sitenote_note":"","_monsterinsights_sitenote_category":0,"_uf_show_specific_survey":0,"_uf_disable_surveys":false},"product_cat":[20,25],"product_tag":[],"aioseo_notices":[],"jetpack_sharing_enabled":true,"_links":{"self":[{"href":"https:\/\/afriperles.com\/index.php\/wp-json\/wp\/v2\/product\/53"}],"collection":[{"href":"https:\/\/afriperles.com\/index.php\/wp-json\/wp\/v2\/product"}],"about":[{"href":"https:\/\/afriperles.com\/index.php\/wp-json\/wp\/v2\/types\/product"}],"replies":[{"embeddable":true,"href":"https:\/\/afriperles.com\/index.php\/wp-json\/wp\/v2\/comments?post=53"}],"wp:featuredmedia":[{"embeddable":true,"href":"https:\/\/afriperles.com\/index.php\/wp-json\/wp\/v2\/media\/54"}],"wp:attachment":[{"href":"https:\/\/afriperles.com\/index.php\/wp-json\/wp\/v2\/media?parent=53"}],"wp:term":[{"taxonomy":"product_cat","embeddable":true,"href":"https:\/\/afriperles.com\/index.php\/wp-json\/wp\/v2\/product_cat?post=53"},{"taxonomy":"product_tag","embeddable":true,"href":"https:\/\/afriperles.com\/index.php\/wp-json\/wp\/v2\/product_tag?post=53"}],"curies":[{"name":"wp","href":"https:\/\/api.w.org\/{rel}","templated":true}]}}